n 8060378 is divided by 3093.
20
What is the remainder when 508999 is divided by 398?
355
Calculate the remainder when 430000 is divided by 7800.
1000
Calculate the remainder when 12589047 is divided by 690.
687
Calculate the remainder when 171486425 is divided by 2738.
9
Calculate the remainder when 1183684 is divided by 432.
4
Calculate the remainder when 5652651 is divided by 235525.
51
What is the remainder when 23173938 is divided by 243?
0
What is the remainder when 3696482 is divided by 3696440?
42
What is the remainder when 1699797 is divided by 21247?
37
What is the remainder when 190019 is divided by 590?
39
What is the remainder when 252603 is divided by 1754?
27
Calculate the remainder when 1096502 is divided by 138.
92
What is the remainder when 1367327 is divided by 6?
5
Calculate the remainder when 41268 is divided by 1926.
822
Calculate the remainder when 4137634 is divided by 10370.
4
Calculate the remainder when 297795 is divided by 1627.
54
What is the remainder when 1964103 is divided by 327349?
9
What is the remainder when 10608972 is divided by 178?
172
Calculate the remainder when 581966 is divided by 10760.
926
What is the remainder when 30946355 is divided by 9296?
9267
Calculate the remainder when 547759 is divided by 136867.
291
What is the remainder when 355425429 is divided by 1704?
1701
What is the remainder when 70815417 is divided by 530?
527
Calculate the remainder when 112295506 is divided by 224591.
6
Calculate the remainder when 7231482 is divided by 798.
6
What is the remainder when 28627 is divided by 766?
285
What is the remainder when 670526315 is divided by 77?
74
What is the remainder when 5514359 is divided by 206?
151
What is the remainder when 1391086 is divided by 1391064?
22
Calculate the remainder when 66843391 is divided by 547.
538
Calculate the remainder when 967381 is divided by 90.
61
Calculate the remainder when 10768746 is divided by 7714.
2
Calculate the remainder when 439552261 is divided by 878.
877
What is the remainder when 52380 is divided by 794?
770
Calculate the remainder when 98526 is divided by 98474.
52
Calculate the remainder when 93862 is divided by 1617.
76
Calculate the remainder when 164383 is divided by 66.
43
Calculate the remainder when 1309781 is divided by 93465.
1271
Calculate the remainder when 488131 is divided by 232.
3
What is the remainder when 25299 is divided by 23?
22
Calculate the remainder when 76917 is divided by 585.
282
What is the remainder when 92550 is divided by 92525?
25
What is the remainder when 11528 is divided by 3239?
1811
Calculate the remainder when 4152931 is divided by 574.
41
What is the remainder when 257187 is divided by 3673?
77
What is the remainder when 63341 is divided by 29835?
3671
What is the remainder when 3322773 is divided by 50?
23
Calculate the remainder when 68547649 is divided by 538.
531
Calculate the remainder when 3130240 is divided by 173.
151
Calculate the remainder when 64570 is divided by 1796.
1710
Calculate the remainder when 50066 is divided by 24664.
738
Calculate the remainder when 1969686 is divided by 161.
12
What is the remainder when 153930 is divided by 21960?
210
Calculate the remainder when 933130 is divided by 5197.
2867
Calculate the remainder when 2161985 is divided by 81.
14
Calculate the remainder when 1335740 is divided by 1335684.
56
What is the remainder when 102455 is divided by 1924?
483
Calculate the remainder when 962414873 is divided by 34.
27
Calculate the remainder when 152330 is divided by 66.
2
Calculate the remainder when 680817 is divided by 17916.
9
Calculate the remainder when 18286 is divided by 3948.
2494
Calculate the remainder when 69897046 is divided by 34948519.
8
What is the remainder when 515546 is divided by 678?
266
What is the remainder when 464857 is divided by 13642?
1029
What is the remainder when 514076 is divided by 1776?
812
Calculate the remainder when 175781 is divided by 175400.
381
What is the remainder when 10864 is divided by 61?
6
What is the remainder when 28836 is divided by 631?
441
What is the remainder when 9694 is divided by 7676?
2018
What is the remainder when 297297 is divided by 59429?
152
What is the remainder when 982738 is divided by 78?
16
Calculate the remainder when 393557 is divided by 392946.
611
Calculate the remainder when 1923360 is divided by 153.
150
Calculate the remainder when 23632061 is divided by 934.
927
Calculate the remainder when 671288 is divided by 2893.
112
What is the remainder when 298277 is divided by 72508?
8245
Calculate the remainder when 112021 is divided by 200.
21
What is the remainder when 1882545 is divided by 3345?
2655
Calculate the remainder when 21677722 is divided by 18.
16
What is the remainder when 40780764 is divided by 6?
0
Calculate the remainder when 11787940 is divided by 2428.
0
What is the remainder when 289466 is divided by 1633?
425
What is the remainder when 161845 is divided by 6223?
47
What is the remainder when 38508093 is divided by 5385?
5343
Calculate the remainder when 505476241 is divided by 2249.
2246
What is the remainder when 9627437 is divided by 68?
65
What is the remainder when 2114884 is divided by 128?
68
Calculate the remainder when 21873 is divided by 15.
3
Calculate the remainder when 1908115 is divided by 791.
223
What is the remainder when 2488960 is divided by 1281?
1258
Calculate the remainder when 105509 is divided by 52585.
339
What is the remainder when 821916 is divided by 52?
4
Calculate the remainder when 3625728 is divided by 7.
1
Calculate the remainder when 3054329 is divided by 109044.
1097
What is the remainder when 2724596 is divided by 908191?
23
Calculate the remainder when 1637060 is divided by 40.
20
What is the remainder when 305097 is divided by 4180?
4137
Calculate the remainder when 1912393 is divided by 1439.
1401
Calculate the remainder when 69633752 is divided by 5043.
8
Calculate the remainder when 184863 is divided by 105.
63
What is the remainder when 32227246 is divided by 22?
18
Calculate the remainder when 2316051 is divided by 771704.
939
Calculate the remainder when 261910 is divided by 43609.
256
Calculate the remainder when 72157479 is divided by 83.
18
What is the remainder when 6363771 is divided by 3181849?
73
Calculate the remainder when 815597 is divided by 2113.
2092
Calculate the remainder when 3055231 is divided by 763798.
39
Calculate the remainder when 1467016 is divided by 8431.
22
What is the remainder when 1881466 is divided by 1841?
1805
What is the remainder when 1405098 is divided by 140505?
48
Calculate the remainder when 2280009 is divided by 455994.
39
Calculate the remainder when 270730 is divided by 769.
42
What is the remainder when 48901188 is divided by 47?
38
What is the remainder when 7159801 is divided by 32693?
34
What is the remainder when 60895943 is divided by 79?
57
Calculate the remainder when 2570948 is divided by 280.
268
Calculate the remainder when 2719223 is divided by 271922.
3
Calculate the remainder when 2392615 is divided by 2392570.
45
What is the remainder when 29146458 is divided by 172464?
42
What is the remainder when 252058 is divided by 4843?
222
What is the remainder when 14109 is divided by 1164?
141
What is the remainder when 180345 is divided by 1946?
1313
What is the remainder when 35385 is divided by 2215?
2160
Calculate the remainder when 22682969 is divided by 7560986.
11
Calculate the remainder when 74084 is divided by 10483.
703
Calculate the remainder when 6033256 is divided by 1451.
1449
Calculate the remainder when 85403245 is divided by 4769.
4762
What is the remainder when 4956674 is divided by 2740?
14
Calculate the remainder when 10886561 is divided by 364.
49
What is the remainder when 719668 is divided by 359612?
444
What is the remainder when 5197784 is divided by 324861?
8
Calculate the remainder when 7950572 is divided by 10906.
98
What is the remainder when 1200500 is divided by 2004?
104
What is the remainder when 2179334 is divided by 262?
18
What is the remainder when 34470 is divided by 33401?
1069
What is the remainder when 26612590 is divided by 183?
181
What is the remainder when 36206 is divided by 11863?
617
What is the remainder when 7390624 is divided by 568